{"id":3118,"date":"2017-09-01T16:24:57","date_gmt":"2017-09-01T15:24:57","guid":{"rendered":"http:\/\/www.sitola.cz\/wordpress\/?page_id=3118"},"modified":"2020-09-19T18:34:01","modified_gmt":"2020-09-19T17:34:01","slug":"spring-2017-programme","status":"publish","type":"page","link":"https:\/\/www.sitola.cz\/wordpress\/seminar\/spring-2017-programme\/","title":{"rendered":"Spring 2017 Program"},"content":{"rendered":"<p>This is the programme of the Sitola seminar in spring 2017. Presentations for the current semester are available <a href=\"https:\/\/www.sitola.cz\/wordpress\/seminar\">here<\/a>.<\/p>\n<ul>\n<li><strong>22.2.2017<\/strong><br \/>\nMgr. Michal Zima<br \/>\n<strong>Towards sustainable blockchain<\/strong><br \/>\nAbstract: Bitcoin, a digital currency\u2014cryptocurrency, not only started a new era of digital money, but also came with a technology for trustless distributed databases: a blockchain. As originally designed and as used nowadays, blockchains are ever-growing databases, storing all data ever saved into them. However, this property questions sustainability of such blockchains as well as their general usability.<br \/>\nIn this talk, we present and discuss today\u2019s approaches to this issue and offer our alternative methods which lead towards a blockchain of a bounded size.<br \/>\n<BR><\/li>\n<li><strong>1.3.2017<\/strong><br \/>\nDr. Tanvir Shaikh<br \/>\n<strong>Image analysis of electron micrographs using SPIDER<\/strong><br \/>\nAbstract: Using the electron microscope, one can reconstruct a model of a three-dimensional object from two-dimensional images to near-atomic resolution.  Biological specimens are especially challenging because they are beam-sensitive, and so hundreds, thousands, or sometimes even millions of images must be combined to get enough signal.<br \/>\nSPIDER is one of the oldest software packages used for this purpose, in use since 1978.  I will describe old and new challenges in the field, and what strategies we might use to solve these challenges.<br \/>\n<BR><\/li>\n<li><strong>8.3.2017<\/strong><br \/>\nOnd\u0159ej Bil\u010d\u00edk<br \/>\n<strong>Software-defined networking for university infrastructure<\/strong><br \/>\nAbstract: Software-defined networking (SDN) is a modern approach to computer networking that allows network administrators to build flexible and agile networks that quickly adapt to dynamically changing needs. It works by separating the network&#8217;s control plane and the data plane (physical devices), creating software-programmable, centralized and extensible orchestration platform that can automate the provisioning and configuration of the entire infrastructure. Besides basic SDN principles, our talk will present real-life examples of applying SDN concept &#8212; specifically SDN\/OpenFlow &#8212; to complex infrastructure like university network, illustrating the key SDN benefits by their comparison with traditional approach.<br \/>\n<BR><\/li>\n<li><strong>15.3.2017<\/strong><br \/>\nMgr. Adam Midlik<br \/>\n<strong>Protein secondary structure annotation &#8211; recognition of protein&#8217;s skeleton<\/strong><br \/>\nAbstract: Protein structural data are currently one of the most interesting and important research resources. Nowadays, we have available even rich datasets about individual protein families (groups of proteins with similar structure). To examine them, we have to orient within the collected data. Specifically, to identify and describe key regions in different proteins from one protein family (binding sites, channels, etc.). For these purposes, it is essential to identify firm parts of the proteins &#8211; their secondary structure elements (helices, sheets), which form something like a protein&#8217;s skeleton.<br \/>\nIn this presentation, I will show an algorithm for identification and annotation of protein secondary structure elements and its implementation. Afterwards, I will also demonstrate its functionality on an example of important protein family (cytochromes P450, which are responsible for degradation of drugs and other molecules coming to organism from outside).<\/p>\n<\/li>\n<li><strong>22.3.2017<\/strong><br \/>\nRNDr. BcA. Tereza Pa\u0159ilov\u00e1, DiS., MBA<br \/>\n<strong>Individualism in assistive technologies &#8211; innovative way of its use<\/strong><br \/>\nAbstract: Assistive technologies were always mostly used in domain of deaf or blind users. A huge gap is identified in assistive technologies aiming at users with neurological disorders like ADHD or dyslexia. Nowadays there is growing number of such users that need adequate technological solution enabling them to access and understand written information correctly. Reading is critical for correct cognitive development, social integration and last but not least for educational opportunities. Such users ask for strong individualism, so maximal personalization of application is needed.<br \/>\nThe presentation will mention tools used by dyslexics in general and introduce problems that dyslexic users are facing with missing technologies. However, the presentation will be focused on our Dystexia project that designs, invents and tests fully automated customizing web service. The project uses existing technological and mathematical approaches in innovative ways that make the service the first one really aiming at dyslexic users\u2019 specific needs.<br \/>\n<BR><\/li>\n<li><strong>29.3.2017<\/strong><br \/>\nprof. RNDr. Michal Kozubek, Ph.D.<br \/>\n<strong>Toward collaborative environment for developing, benchmarking and searching bioimage analysis methods<\/strong><br \/>\nAbstract: The bioimaging community has recently realized the strong need for benchmarking various image analysis methods and software packages in order to compare their performance and assess their suitability for specific applications. This presentation summarizes the recent progress in this respect, reviews available benchmarks and describes the general process of designing a bioimage analysis benchmark or challenge (benchmarking effort associated to a particular conference), including proper selection of reference image datasets (both simulated with precisely known ground truth as well as real ones annotated by experts) and evaluation metrics. Examples of biological applications will be shown for which benchmarking of relevant image analysis methods have already been performed. Finally, attention will be paid to the development of web-based and cloud-based resources for developing, benchmarking and searching bioimage analysis methods.<br \/>\n<BR><\/li>\n<li><strong>5.4.2017<\/strong><br \/>\n<strong>Discussion about future SITOLA<\/strong><br \/>\n<BR><\/li>\n<li><strong>12.4.2017<\/strong><br \/>\nMgr. Luk\u00e1\u0161 Ru\u010dka<br \/>\n<strong>Fast reconstruction of image deformation field<\/strong><br \/>\nAbstract: Computer-aided medical analysis is the key component of current invasive treatment. With aid of computer simulations deployed as part of intraoperative navigation, it is possible to expose the patient to less harmful examinations during surgeries. The key component of intraoperative navigation is the update of precise, pre-operative scans of patient&#8217;s body according to current conditions and situation, as perceived during the surgery. To facilitate such updates in near real-time, a simplified (sparse) representation of the image data has to be considered. However, the discrete and sparse image deformations developed upon such data cannot be applied to the original image domain. To overcome this issue, a suitable inter(extra)polation technique has to be deployed.<br \/>\nThis presentation covers the basics of deformation extrapolation from computer model in the context of medical imaging. Afterwards, the audience gets acquainted with radial-basis functions interpolation framework and its properties. Following, results of radial-basis functions interpolation are evaluated over internal organs of quadruped test subject.<br \/>\n<BR><\/li>\n<li><strong>19.4.2017 15:00<\/strong><br \/>\n<strong>Flash talks<\/strong> with 5 minutes for presentation and about 2 minutes for question(s) per person<\/p>\n<p><strong>Management interface variation in heterogeneous cloud federations<\/strong><br \/>\nMgr. Boris Par\u00e1k<br \/>\nAbstract: This talk takes a brief look at the variation in IaaS management interfaces in Private-Private, Private-Public, and Public-Public heterogeneous cloud federations. Identified differences are broadly categorized based on federation type, character of the difference, and estimated mitigation complexity.<\/p>\n<p><strong>Very high quality and low latency audiovisual transmissions<\/strong><br \/>\nRNDr. Milo\u0161 Li\u0161ka, Ph.D.<br \/>\nAbstract: We provide an overview of the latest development and research results in the field of very high quality and low latency audiovisual transmissions and its deployments for most interesting use cases in different user communities.<\/p>\n<p><strong>On scheduling mixed workloads in shared cloud infrastructures<\/strong><br \/>\nRNDr. Dalibor Klus\u00e1\u010dek, Ph.D.<br \/>\nAbstract: Modern computing services such as clouds, grids or HPC clusters are both complex and costly installations. To utilize them properly, competing frameworks\/workloads must share the same underlying infrastructure in order to avoid resource fragmentation and poor utilization, requiring complex scheduling mechanism. In this talk we use real life-based observations from the CERIT Scientific Cloud to show some of the scheduling challenges that we are facing today.<\/p>\n<p><strong>Hotspot searching in scientific software<\/strong><br \/>\nMgr. et Mgr. Jaroslav Olha<br \/>\nAbstract: Scientific software tends to be computationally intensive and its long runtimes can be frequently exacerbated by poorly-optimized code, which creates needless performance bottlenecks. A case study will be used to briefly demonstrate the power of hotspot searching, and to show how simple performance inefficiencies can be found and fixed to dramatically improve the performance of such programs.<\/p>\n<p><strong>Integration of buses into the traffic signal control<\/strong><br \/>\nVinh Quang Dang, Ph.D.<br \/>\nAbstract: Traffic signal control in a network of signalized intersections is an important practical problem. We briefly present an intersection control problem considering bus integration formulated as a machine scheduling problem, and a solution idea to address this problem based on a schedule-driven intersection control algorithm using forward search.<\/p>\n<p><strong>Autotuning OpenCL kernels<\/strong><br \/>\nRNDr. Ji\u0159\u00ed Filipovi\u010d, Ph.D.<br \/>\nAbstract: First, we demonstrate possible improvements of performance and portability of the code (OpenCL in this particular case) by autotuning. Second, we outline research opportunities in autotuning and challenges we are targeting with our autotuning tool.<br \/>\n<\/li>\n<li><strong>26.4.2017<\/strong><br \/>\ndoc. RNDr. Vlastislav Dohnal, Ph.D.<br \/>\n<strong>Optimizing Performance of Query Evaluation in Metric Spaces<\/strong><br \/>\nAbstract: Similarity searching has become widely available in many on-line archives of multimedia data. Users accessing such systems are looking for data items similar to their specific query needs, which also follow time-related trends, e.g. currently happening events or natural wonders. Existing index structures organize data-sets in a homogeneous and query-agnostic way, so they do not adapt to the users&#8216; constantly changing preferences.<br \/>\nIn this talk, we report on techniques to improve organization of priority queue of data partitions, which is inherently used in a k-nearest neighbor query evaluation algorithm. We will also present result of experiments.<br \/>\n<BR><\/li>\n<li><strong>3.5.2017<\/strong><br \/>\nRNDr. Tom\u00e1\u0161 Rebok, Ph.D.<br \/>\n<strong>(Big) data analysis for purposes of police investigations<\/strong><br \/>\nAbstract: During our talk, we will present current results of our collaboration with the Police of the Czech Republic, focused on (big) heterogeneous data analysis related to real crime investigations. We will present our experience and identify main issues of such analysis as well as introduce tools and technologies employed for the prototype implementation of developed CopAS (Cops Analytic System) tool. Objectives and goals of related research project, supported by the Ministry of Interior of the CR, will be also presented during the talk.<br \/>\n<BR><\/li>\n<li><strong>10.5.2017<\/strong><br \/>\nBc. Matej Min\u00e1rik, RNDr. Milo\u0161 Li\u0161ka, Ph.D.<br \/>\n<strong> Automated anonymization of modalities for medical video transmissions<\/strong><br \/>\nAbstract: High quality and low latency video transmissions are successfully being deployed for live cases transmission for educational purposes to medical workshops, conferences and congresses. A key requirement is to transmit and offer the audience the complete overview of the case in the same way as it is available to the medical personnel within the operating theater. In cases such as the cardiologic or gastroenterologic operations this also means to transmit possibly all the modalities (various types of equipment or probes used to acquire images of the body) needed by the medical personnel. Images or videos produced by such an equipment contain patients personal data hard coded within the images for the purpose of its simple and clear identification. Such a practice is however undesirable during the live case transmission for educational purposes where the patient has to stay completely anonymous and unidentified by the audience.<br \/>\nIn this talk we present out approach to automated anonymization of said modalities for the purpose of high quality and low latency video transmissions. We cover topics ranging from optical character recognition and image processing including GPU acceleration to semantic analysis of the textual patients personal data. We also provide an insight into the performance characteristics of the automated anonymization process we have designed and implemented.<br \/>\n<BR><\/li>\n<li><strong>17.5.2017<\/strong><br \/>\nIng. Eva V\u00fdtvarov\u00e1<br \/>\n<strong>Community detection algorithms in temporal brain networks<\/strong><br \/>\nAbstract: The functional connectivity of human brain can be seen as a reflection of emergent effects of dynamic processes on structural connectivity, specifically the spatio-temporal patterns of brain activity. These patterns \/ communities can be detected by many methods, one of the most widely used is modularity. I am going to show the effect of random matrix theory decomposition as a step preceding community detection. Further, the results from applying different modularity algorithms to synthetic network and to connectivity network derived from time-series of observations of dynamic system will be discussed.  I will also talk about computational complexity of particular pipeline steps.<br \/>\n<BR><\/li>\n<li><strong>Examination period 23.5. \u2013 30.6.2017<\/strong><br \/>\nMeetings devoted to state exam training below are scheduled mostly. All state exam trainings are in Czech. <strong>More days can be added if needed by students.<\/strong><br \/>\n<BR><\/li>\n<li><strong>7.6.2017<\/strong><br \/>\n<strong>State exam training<\/strong><\/p>\n<p><strong>David \u0160t\u00edpsk\u00fd:<\/strong> <a href=\"https:\/\/is.muni.cz\/auth\/th\/410140\/fi_m\">Odhad doby zastaven\u00ed autobusu<\/a><br \/>\nVedouc\u00ed: Hana Rudov\u00e1<br \/>\nOponent: Lubom\u00edr Popel\u00ednsk\u00fd<\/p>\n<p><strong>Roman Lacko:<\/strong> <a href=\"https:\/\/is.muni.cz\/auth\/th\/396157\/fi_m\">Rozvrhov\u00e1n\u00ed st\u00e1tn\u00edch zkou\u0161ek na Fakult\u011b informatiky<\/a><br \/>\nVedouc\u00ed: Hana Rudov\u00e1<br \/>\nOponent: Pavel Matula<br \/>\n<\/li>\n<li><strong>8.6.2017 Thursday 15:00<\/strong><br \/>\n<strong>State exam training<\/strong><\/p>\n<p><strong>Ond\u0159ej Hlou\u0161a:<\/strong> <a href=\"https:\/\/is.muni.cz\/auth\/th\/248752\/fi_m\">Rozvrhov\u00e1n\u00ed zam\u011bstnanc\u016f ve v\u011bdeck\u00e9m z\u00e1bavn\u00edm centru<\/a><br \/>\nVedouc\u00ed: Hana Rudov\u00e1<br \/>\nOponent: Dalibor Klus\u00e1\u010dek<\/p>\n<p><strong>Matej Min\u00e1rik:<\/strong> <a href=\"https:\/\/is.muni.cz\/auth\/th\/396546\/fi_m\">\tAkcelerace automatick\u00e9 anonymizace modalit<\/a><br \/>\nVedouc\u00ed: Milo\u0161 Li\u0161ka<br \/>\nOponent: Martin Pulec<\/p>\n<p><\/li>\n<li><strong>14.6.2017<\/strong><br \/>\n<strong>State exam training<\/strong><\/p>\n<p><strong>Pavel Zvona\u0159:<\/strong> <a href=\"https:\/\/is.muni.cz\/auth\/th\/374308\/fi_m\/\">Optimalizace a \u0159\u00edzen\u00ed spot\u0159eby el. proudu v dom\u00e1cnosti<\/a><br \/>\nVedouc\u00ed: Eva Hladk\u00e1<br \/>\nOponent: Dalibor Klus\u00e1\u010dek<\/p>\n<p><strong>Petra Ond\u0159ejkov\u00e1:<\/strong> <a href=\"https:\/\/is.muni.cz\/auth\/th\/408256\/fi_m\">Pokro\u010dil\u00e9 metody modelov\u00e1n\u00ed elastick\u00fdch deformac\u00ed v prost\u0159ed\u00ed Matlab<\/a><br \/>\nVedouc\u00ed: Igor Peterl\u00edk<br \/>\nOponent: Jan Fousek<\/p>\n<li><strong>21.6.2017<\/strong><br \/>\n<strong>State exam training<\/strong> <\/p>\n<p><strong>Luk\u00e1\u0161 Kotol:<\/strong> <a href=\"https:\/\/is.muni.cz\/auth\/th\/433265\/fi_b\">Syst\u00e9m pro zpracov\u00e1n\u00ed provozn\u00edch statistik videokonferen\u010dn\u00ed infrastruktury<\/a><br \/>\nVedouc\u00ed: Milo\u0161 Li\u0161ka<br \/>\nOponent: Jan R\u016f\u017ei\u010dka<\/p>\n<p><strong>Marek Perichta:<\/strong> <a href=\"https:\/\/is.muni.cz\/auth\/th\/422286\/fi_b\">Spr\u00e1va zdrojov pre rezerva\u010dn\u00fd syst\u00e9m Shongo<\/a><br \/>\nVedouc\u00ed: Milo\u0161 Li\u0161ka<br \/>\nOponent: Ond\u0159ej Pavelka<\/p>\n<p>RNDr. Ji\u0159\u00ed Filipovi\u010d, Ph.D.<br \/>\n<strong>Autotuning techniques for accelerators<br \/>\n(16:00, survey, 45 minutes presentation)<\/strong><br \/>\nAbstract: Performance optimization is important step in application development, especially in HPC area. With growing complexity, heterogeneity and parallelism of nowadays hardware, achieving high performance is a difficult task.  Moreover, optimization steps are usually hardware-dependent and thus new generations of hardware may require to re-optimize the software. Therefore, automatic search for efficient program parameters is of high importance, as it eases software development process and allows developers to write software, which is able to re-optimize itself for a new architecture.<br \/>\nIn this talk, I will introduce various autotuning techniques, targeting many performance-critical aspects (e.g. compiler flags selection, re-configutation of parallel communication, or generation of various implementation and empirical search for the fastest one). I will also sketch which areas are of primary interest of HPC group in CERIT-SC.<\/p>\n<p><BR><\/li>\n<\/ul>\n<p>Contact: <a href=\"http:\/\/www.fi.muni.cz\/~hanka\">Hana Rudov\u00e1<\/a><\/p>\n","protected":false},"excerpt":{"rendered":"<p>This is the programme of the Sitola seminar in spring 2017. Presentations for the current semester are available here. 22.2.2017 Mgr. Michal Zima Towards sustainable blockchain Abstract: Bitcoin, a digital currency\u2014cryptocurrency, not only started a new era of digital money, but also came with a technology for trustless distributed databases: a blockchain. As originally designed [&hellip;]<\/p>\n","protected":false},"author":42,"featured_media":0,"parent":2896,"menu_order":0,"comment_status":"closed","ping_status":"closed","template":"","meta":{"footnotes":""},"_links":{"self":[{"href":"https:\/\/www.sitola.cz\/wordpress\/wp-json\/wp\/v2\/pages\/3118"}],"collection":[{"href":"https:\/\/www.sitola.cz\/wordpress\/wp-json\/wp\/v2\/pages"}],"about":[{"href":"https:\/\/www.sitola.cz\/wordpress\/wp-json\/wp\/v2\/types\/page"}],"author":[{"embeddable":true,"href":"https:\/\/www.sitola.cz\/wordpress\/wp-json\/wp\/v2\/users\/42"}],"replies":[{"embeddable":true,"href":"https:\/\/www.sitola.cz\/wordpress\/wp-json\/wp\/v2\/comments?post=3118"}],"version-history":[{"count":2,"href":"https:\/\/www.sitola.cz\/wordpress\/wp-json\/wp\/v2\/pages\/3118\/revisions"}],"predecessor-version":[{"id":3498,"href":"https:\/\/www.sitola.cz\/wordpress\/wp-json\/wp\/v2\/pages\/3118\/revisions\/3498"}],"up":[{"embeddable":true,"href":"https:\/\/www.sitola.cz\/wordpress\/wp-json\/wp\/v2\/pages\/2896"}],"wp:attachment":[{"href":"https:\/\/www.sitola.cz\/wordpress\/wp-json\/wp\/v2\/media?parent=3118"}],"curies":[{"name":"wp","href":"https:\/\/api.w.org\/{rel}","templated":true}]}}