{"id":15,"date":"2009-02-21T16:43:45","date_gmt":"2009-02-21T14:43:45","guid":{"rendered":"http:\/\/www.sitola.cz\/wordpress\/?page_id=15"},"modified":"2022-11-29T15:27:56","modified_gmt":"2022-11-29T13:27:56","slug":"people","status":"publish","type":"page","link":"https:\/\/www.sitola.cz\/wordpress\/people\/","title":{"rendered":"People"},"content":{"rendered":"<div id=\"people\">\n<div class=\"people_col\">\n<h2>Active Members<\/h2>\n<div class=\"person\"><a href=\"https:\/\/is.muni.cz\/person\/39685\">Tom\u00e1\u0161 Rebok<\/a> 39685 (at) mail.muni.cz<\/div>\n<div class=\"person\"><a href=\"https:\/\/is.muni.cz\/person\/2053\">Eva Hladk\u00e1<\/a> 2053 (at) mail.muni.cz<\/div>\n<div class=\"person\"><a href=\"https:\/\/is.muni.cz\/person\/1904\">Lud\u011bk Matyska<\/a> 1904 (at) mail.muni.cz<\/div>\n<div class=\"person\"><a href=\"https:\/\/is.muni.cz\/person\/3248\">Petr Holub<\/a> 3248 (at) mail.muni.cz<\/div>\n<div class=\"person\"><a href=\"https:\/\/is.muni.cz\/person\/3840\">Hana Rudov\u00e1<\/a> 3840 (at) mail.muni.cz<\/div>\n<div class=\"person\"><a href=\"https:\/\/is.muni.cz\/person\/3086\">Ale\u0161 K\u0159enek<\/a> 3086 (at) mail.muni.cz<\/div>\n<div class=\"person\"><a href=\"https:\/\/is.muni.cz\/person\/39565\">Milo\u0161 Li\u0161ka<\/a> 39565 (at) mail.muni.cz<\/div>\n<div class=\"person\"><a href=\"https:\/\/is.muni.cz\/person\/169103\">Pavel \u0160iler<\/a> 169103 (at) mail.muni.cz<\/div>\n<div class=\"person\"><a href=\"https:\/\/is.muni.cz\/person\/72898\">Ji\u0159\u00ed Filipovi\u010d<\/a> 72898 (at) mail.muni.cz<\/div>\n<div class=\"person\"><a href=\"https:\/\/is.muni.cz\/person\/411498\">Jana Hozzov\u00e1<\/a> 411498 (at) mail.muni.cz<\/div>\n<div class=\"person\"><a href=\"https:\/\/is.muni.cz\/person\/359687\">Luk\u00e1\u0161 Ru\u010dka<\/a> 359687 (at) mail.muni.cz<\/div>\n<div class=\"person\"><a href=\"https:\/\/is.muni.cz\/person\/445597\">Martin Piatka<\/a> 445597 (at) mail.muni.cz<\/div>\n<div class=\"person\"><a href=\"https:\/\/is.muni.cz\/person\/247158\">V\u00e1clav Oujezsk\u00fd<\/a> 247158 (at) mail.muni.cz<\/div>\n<div class=\"person\"><a href=\"https:\/\/is.muni.cz\/person\/3545\">Luk\u00e1\u0161 Hejtm\u00e1nek<\/a> 3545 (at) mail.muni.cz<\/div>\n<div class=\"person\"><a href=\"https:\/\/is.muni.cz\/person\/324965\">Tom\u00e1\u0161 Ra\u010dek<\/a> 324965 (at) mail.muni.cz<\/div>\n<div class=\"person\"><a href=\"https:\/\/is.muni.cz\/person\/50752\">Dalibor Klus\u00e1\u010dek<\/a> klusacek (at) ics.muni.cz<\/div>\n<\/div>\n<div class=\"people_col\">\n<h2>PhD students<\/h2>\n<div class=\"person\"><a href=\"https:\/\/is.muni.cz\/person\/4043\">Ivana Huta\u0159ov\u00e1 Va\u0159ekov\u00e1<\/a> 4043 (at) mail.muni.cz<\/div>\n<div class=\"person\"><a href=\"https:\/\/is.muni.cz\/person\/359911\">Michal Zima<\/a> 359911 (at) mail.muni.cz<\/div>\n<div class=\"person\"><a href=\"https:\/\/is.muni.cz\/person\/423909\">Petra N\u011bmcov\u00e1<\/a> 423909 (at) mail.muni.cz<\/div>\n<div class=\"person\"><a href=\"https:\/\/is.muni.cz\/person\/348646\">Jaroslav O\u013eha<\/a> 348646 (at) mail.muni.cz<\/div>\n<div class=\"person\"><a href=\"https:\/\/is.muni.cz\/person\/422334\">Filip Petrovi\u010d<\/a> 422334 (at) mail.muni.cz<\/div>\n<div class=\"person\"><a href=\"https:\/\/is.muni.cz\/person\/456543\">Vikt\u00f3ria Spi\u0161akov\u00e1<\/a> 456543 (at) mail.muni.cz<\/div>\n<div class=\"person\"><a href=\"https:\/\/is.muni.cz\/person\/373911\">David St\u0159el\u00e1k<\/a> 373911 (at) mail.muni.cz<\/div>\n<div class=\"person\"><a href=\"https:\/\/is.muni.cz\/person\/423126\">Vojt\u011bch Kraj\u0148ansk\u00fd<\/a> 423126 (at) mail.muni.cz<\/div>\n<div class=\"person\"><a href=\"https:\/\/is.muni.cz\/person\/396340\">Rudolf Wittner<\/a> 396340 (at) mail.muni.cz<\/div>\n<div class=\"person\"><a href=\"https:\/\/is.muni.cz\/person\/454828\">V\u00e1clav Sobotka<\/a> 454828 (at) mail.muni.cz<\/div>\n<div class=\"person\"><a href=\"https:\/\/is.muni.cz\/person\/468940\">Pavel Nov\u00e1k<\/a> 468940 (at) mail.muni.cz<\/div>\n<\/div>\n<div class=\"people_col\">\n<h2>Students<\/h2>\n<div class=\"person\"><a href=\"https:\/\/is.muni.cz\/person\/468964\">Ivana Krumlov\u00e1<\/a> 468964 (at) mail.muni.cz<\/div>\n<div class=\"person\"><a href=\"https:\/\/is.muni.cz\/person\/506503\">Ond\u0159ej Holub<\/a> 506503 (at) mail.muni.cz<\/div>\n<div class=\"person\"><a href=\"https:\/\/is.muni.cz\/person\/469013\">Ji\u0159\u00ed Papou\u0161ek<\/a> 469013 (at) mail.muni.cz<\/div>\n<div class=\"person\"><a href=\"https:\/\/is.muni.cz\/person\/492789\">Martin Be\u013ea<\/a> 492789 (at) mail.muni.cz<\/div>\n<div class=\"person\"><a href=\"https:\/\/is.muni.cz\/person\/492778\">Matej Hrica<\/a> 492778 (at) mail.muni.cz<\/div>\n<div class=\"person\"><a href=\"https:\/\/is.muni.cz\/person\/492746\">D\u00e1vid \u0160utor<\/a> 492746 (at) mail.muni.cz<\/div>\n<div class=\"person\"><a href=\"https:\/\/is.muni.cz\/person\/485123\">Jakub Kiska<\/a> 485123 (at) mail.muni.cz<\/div>\n<div class=\"person\"><a href=\"https:\/\/is.muni.cz\/person\/469364\">Miroslav Demek<\/a> 469364 (at) mail.muni.cz<\/div>\n<div class=\"person\"><a href=\"https:\/\/is.muni.cz\/person\/469074\">Franti\u0161ek Br\u00e1bl\u00edk<\/a> 469074 (at) mail.muni.cz<\/div>\n<div class=\"person\"><a href=\"https:\/\/is.muni.cz\/person\/485413\">Martin Kure\u010dka<\/a> 485413 (at) mail.muni.cz<\/div>\n<div class=\"person\"><a href=\"https:\/\/is.muni.cz\/person\/485410\">Adam H\u00e1jek<\/a> 485410 (at) mail.muni.cz<\/div>\n<div class=\"person\"><a href=\"https:\/\/is.muni.cz\/person\/467814\">Vladim\u00edr Vi\u0161\u0148ovsk\u00fd<\/a> 467814 (at) mail.muni.cz<\/div>\n<div class=\"person\"><a href=\"https:\/\/is.muni.cz\/person\/456658\">Samuel Gorta<\/a> 456658 (at) mail.muni.cz<\/div>\n<div class=\"person\"><a href=\"https:\/\/is.muni.cz\/person\/493307\">Mat\u011bj Buk\u00e1\u010dek<\/a> 493307 (at) mail.muni.cz<\/div>\n<div class=\"person\"><a href=\"https:\/\/is.muni.cz\/person\/499542\">Boris Juri\u010d<\/a> 499542 (at) mail.muni.cz<\/div>\n<\/div>\n<div class=\"people_col\">\n<h2>Alumni<\/h2>\n<div class=\"person\"><a href=\"https:\/\/orcid.org\/0000-0001-9838-5073\">Vinh Quang Dang<\/a><\/div>\n<div class=\"person\"><a href=\"https:\/\/is.muni.cz\/auth\/osoba\/243528\">Soumen Atta<\/a><\/div>\n<div class=\"person\"><a href=\"https:\/\/is.muni.cz\/person\/39642\">Igor Peterl\u00edk<\/a> peterlik (at) ics.muni.cz<\/div>\n<div class=\"person\"><a href=\"https:\/\/is.muni.cz\/person\/359668\">Ji\u0159\u00ed Marek<\/a> 359668 (at) mail.muni.cz<\/div>\n<div class=\"person\"><a href=\"https:\/\/is.muni.cz\/person\/39700\">Michal Proch\u00e1zka<\/a> 39700 (at) mail.muni.cz<\/div>\n<div class=\"person\"><a href=\"https:\/\/is.muni.cz\/person\/1388\">Daniel Kou\u0159il<\/a> 1388 (at) mail.muni.cz<\/div>\n<div class=\"person\"><a href=\"https:\/\/is.muni.cz\/person\/139885\">Pavel Troubil<\/a> 139885 (at) mail.muni.cz<\/div>\n<div class=\"person\"><a href=\"https:\/\/is.muni.cz\/person\/172757\">V\u00edt Rus\u0148\u00e1k<\/a> 172757 (at) mail.muni.cz<\/div>\n<div class=\"person\"><a href=\"https:\/\/is.muni.cz\/person\/172693\">Jan Fousek<\/a> 172693 (at) mail.muni.cz<\/div>\n<div class=\"person\"><a href=\"https:\/\/is.muni.cz\/person\/422726\">Stanislav Mur\u00edn<\/a> 422726 (at) mail.muni.cz<\/div>\n<div class=\"person\"><a href=\"https:\/\/is.muni.cz\/person\/373881\">J\u00falia Sabano\u0161ov\u00e1<\/a> 373881 (at) mail.muni.cz<\/div>\n<div class=\"person\"><a href=\"https:\/\/is.muni.cz\/person\/146314\">Tereza Pa\u0159ilov\u00e1<\/a> 146314 (at) mail.muni.cz<\/div>\n<div class=\"person\"><a href=\"https:\/\/is.muni.cz\/person\/358970\">Vladim\u00edr Horsk\u00fd<\/a> 358970 (at) mail.muni.cz<\/div>\n<div class=\"person\"><a href=\"https:\/\/is.muni.cz\/person\/345411\">Eva V\u00fdtvarov\u00e1<\/a> 345411 (at) mail.muni.cz<\/div>\n<div class=\"person\"><a href=\"https:\/\/is.muni.cz\/person\/410316\">Martin Brakl<\/a> 410316 (at) mail.muni.cz<\/div>\n<div class=\"person\"><a href=\"https:\/\/is.muni.cz\/person\/422286\">Marek Perichta<\/a> 422286 (at) mail.muni.cz<\/div>\n<div class=\"person\"><a href=\"https:\/\/is.muni.cz\/person\/409787\">Sven Relovsk\u00fd<\/a> 409787 (at) mail.muni.cz<\/div>\n<div class=\"person\"><a href=\"https:\/\/is.muni.cz\/person\/433774\">David \u010cech\u00e1k<\/a> 433774 (at) mail.muni.cz<\/div>\n<div class=\"person\"><a href=\"https:\/\/is.muni.cz\/person\/396546\">Matej Min\u00e1rik<\/a> 396546 (at) mail.muni.cz<\/div>\n<\/div>\n<\/div>\n","protected":false},"excerpt":{"rendered":"<p>Active Members Tom\u00e1\u0161 Rebok 39685 (at) mail.muni.cz Eva Hladk\u00e1 2053 (at) mail.muni.cz Lud\u011bk Matyska 1904 (at) mail.muni.cz Petr Holub 3248 (at) mail.muni.cz Hana Rudov\u00e1 3840 (at) mail.muni.cz Ale\u0161 K\u0159enek 3086 (at) mail.muni.cz Milo\u0161 Li\u0161ka 39565 (at) mail.muni.cz Pavel \u0160iler 169103 (at) mail.muni.cz Ji\u0159\u00ed Filipovi\u010d 72898 (at) mail.muni.cz Jana Hozzov\u00e1 411498 (at) mail.muni.cz Luk\u00e1\u0161 Ru\u010dka 359687 [&hellip;]<\/p>\n","protected":false},"author":1,"featured_media":0,"parent":0,"menu_order":2,"comment_status":"closed","ping_status":"closed","template":"","meta":{"footnotes":""},"_links":{"self":[{"href":"https:\/\/www.sitola.cz\/wordpress\/wp-json\/wp\/v2\/pages\/15"}],"collection":[{"href":"https:\/\/www.sitola.cz\/wordpress\/wp-json\/wp\/v2\/pages"}],"about":[{"href":"https:\/\/www.sitola.cz\/wordpress\/wp-json\/wp\/v2\/types\/page"}],"author":[{"embeddable":true,"href":"https:\/\/www.sitola.cz\/wordpress\/wp-json\/wp\/v2\/users\/1"}],"replies":[{"embeddable":true,"href":"https:\/\/www.sitola.cz\/wordpress\/wp-json\/wp\/v2\/comments?post=15"}],"version-history":[{"count":123,"href":"https:\/\/www.sitola.cz\/wordpress\/wp-json\/wp\/v2\/pages\/15\/revisions"}],"predecessor-version":[{"id":3791,"href":"https:\/\/www.sitola.cz\/wordpress\/wp-json\/wp\/v2\/pages\/15\/revisions\/3791"}],"wp:attachment":[{"href":"https:\/\/www.sitola.cz\/wordpress\/wp-json\/wp\/v2\/media?parent=15"}],"curies":[{"name":"wp","href":"https:\/\/api.w.org\/{rel}","templated":true}]}}